5
Calculate the remainder when 1713342 is divided by 155749.
103
What is the remainder when 1092906 is divided by 229?
118
Calculate the remainder when 873916 is divided by 165.
76
Calculate the remainder when 212137 is divided by 21213.
7
What is the remainder when 2582860 is divided by 516570?
10
What is the remainder when 40520 is divided by 72?
56
Calculate the remainder when 1377465 is divided by 459132.
69
What is the remainder when 12968019 is divided by 129680?
19
Calculate the remainder when 39454850 is divided by 97.
3
What is the remainder when 22857125 is divided by 75?
50
What is the remainder when 464220495 is divided by 944?
943
What is the remainder when 11599688 is divided by 3866561?
5
What is the remainder when 25249184 is divided by 573844?
48
Calculate the remainder when 165758369 is divided by 58.
53
Calculate the remainder when 12301173 is divided by 424178.
11
What is the remainder when 311353 is divided by 324?
313
Calculate the remainder when 124551 is divided by 11322.
9
What is the remainder when 465259 is divided by 11043?
1453
Calculate the remainder when 4338021 is divided by 271126.
5
What is the remainder when 2024956 is divided by 1743?
1333
Calculate the remainder when 47096 is divided by 1590.
986
Calculate the remainder when 110882 is divided by 1194.
1034
What is the remainder when 1265993 is divided by 3181?
3136
What is the remainder when 49134604 is divided by 442654?
10
Calculate the remainder when 27517 is divided by 1962.
49
What is the remainder when 7445641 is divided by 14?
7
What is the remainder when 147110728 is divided by 38?
36
What is the remainder when 28837 is divided by 1021?
249
What is the remainder when 615965699 is divided by 702?
11
What is the remainder when 170826439 is divided by 1548?
1543
Calculate the remainder when 2532858 is divided by 388.
382
Calculate the remainder when 163112 is divided by 14804.
268
What is the remainder when 109282 is divided by 27305?
62
Calculate the remainder when 1597639949 is divided by 1590.
1589
What is the remainder when 25764 is divided by 30?
24
Calculate the remainder when 900770 is divided by 15010.
170
Calculate the remainder when 2133004 is divided by 1298.
390
Calculate the remainder when 22606 is divided by 6793.
2227
Calculate the remainder when 921143 is divided by 676.
431
What is the remainder when 1236633 is divided by 8294?
827
Calculate the remainder when 1606518 is divided by 24.
6
What is the remainder when 433397996 is divided by 105?
101
Calculate the remainder when 1105903 is divided by 106.
5
What is the remainder when 3645416 is divided by 1937?
1919
What is the remainder when 9896 is divided by 2140?
1336
Calculate the remainder when 15029592 is divided by 13981.
17
What is the remainder when 23255970 is divided by 318?
312
Calculate the remainder when 394188 is divided by 1829.
953
What is the remainder when 37271609 is divided by 23?
17
Calculate the remainder when 60796 is divided by 7597.
20
What is the remainder when 168402415 is divided by 110211?
7
What is the remainder when 11556259 is divided by 587?
577
What is the remainder when 13842 is divided by 1875?
717
What is the remainder when 2887547 is divided by 1443751?
45
What is the remainder when 890767 is divided by 889?
878
Calculate the remainder when 7343904 is divided by 7343883.
21
Calculate the remainder when 5081580 is divided by 158.
142
What is the remainder when 2127153 is divided by 1063524?
105
Calculate the remainder when 4735299 is divided by 172.
139
What is the remainder when 8259818 is divided by 394?
2
What is the remainder when 663359 is divided by 766?
3
Calculate the remainder when 22077 is divided by 22047.
30
What is the remainder when 331617 is divided by 8086?
91
Calculate the remainder when 8233739 is divided by 113.
107
What is the remainder when 16149 is divided by 5371?
36
Calculate the remainder when 15953 is divided by 1455.
1403
Calculate the remainder when 131997 is divided by 32914.
341
Calculate the remainder when 20472 is divided by 18256.
2216
What is the remainder when 97041 is divided by 31799?
1644
What is the remainder when 2605326 is divided by 1803?
1794
What is the remainder when 12553476 is divided by 74723?
12
Calculate the remainder when 33044 is divided by 1466.
792
Calculate the remainder when 59156535 is divided by 2039880.
15
What is the remainder when 561519 is divided by 187171?
6
What is the remainder when 170972113 is divided by 4170051?
22
Calculate the remainder when 121647 is divided by 63.
57
What is the remainder when 10482488 is divided by 345?
8
What is the remainder when 108699822 is divided by 218?
8
Calculate the remainder when 146839 is divided by 5062.
41
Calculate the remainder when 330647 is divided by 65210.
4597
What is the remainder when 23495 is divided by 6675?
3470
Calculate the remainder when 3823399 is divided by 304.
295
Calculate the remainder when 2169065 is divided by 676.
457
What is the remainder when 10378 is divided by 511?
158
Calculate the remainder when 66237 is divided by 30588.
5061
Calculate the remainder when 1696783 is divided by 96.
79
Calculate the remainder when 340181 is divided by 653.
621
What is the remainder when 4040890 is divided by 277?
14
Calculate the remainder when 2273238 is divided by 153.
117
Calculate the remainder when 364534 is divided by 6623.
269
What is the remainder when 3417913 is divided by 3249?
3214
Calculate the remainder when 132162 is divided by 713.
257
Calculate the remainder when 390361253 is divided by 1131.
1127
What is the remainder when 79907107 is divided by 29?
14
What is the remainder when 289514047 is divided by 1648?
1647
What is the remainder when 409531701 is divided by 313?
310
Calculate the remainder when 236279 is divided by 304.
71
Calculate the remainder when 985796 is divided by 8431.
7800
Calculate the remainder when 16151405 is divided by 3230279.
10
Calculate the remainder when 2995736 is divided by 1068.
1064
What is the remainder when 7576250 is divided by 263?
9
What is the remainder when 14427149 is divided by 801505?
59
What is the remainder when 27132 is divided by 2640?
732
What is the remainder when 388717 is divided by 192786?
3145
Calculate the remainder when 4105751 is divided by 257.
176
What is the remainder when 375123895 is divided by 75?
70
Calculate the remainder when 46959323 is divided by 46959310.
13
What is the remainder when 257463 is divided by 2499?
66
What is the remainder when 22612 is divided by 480?
52
What is the remainder when 442570 is divided by 727?
554
What is the remainder when 198763 is divided by 3818?
227
Calculate the remainder when 1537895 is divided by 139.
138
What is the remainder when 14998724 is divided by 15?
14
What is the remainder when 4244449 is divided by 353699?
61
Calculate the remainder when 143186 is divided by 56.
50
What is the remainder when 6032831 is divided by 113827?
0
Calculate the remainder when 23341 is divided by 199.
58
What is the remainder when 20234 is divided by 6517?
683
Calculate the remainder when 75896 is divided by 451.
128
What is the remainder when 161406822 is divided by 5663?
5659
Calculate the remainder when 68598132 is divided by 77.
64
Calculate the remainder when 9578753 is divided by 152.
17
What is the remainder when 474977 is divided by 9566?
6243
What is the remainder when 2987713 is divided by 612?
541
What is the remainder when 2316297 is divided by 50?
47
What is the remainder when 5711545 is divided by 50?
45
What is the remainder when 911345 is divided by 130182?
71
What is the remainder when 144915 is divided by 64?
19
What is the remainder when 2672237 is divided by 970?
857
Calculate the remainder when 14927 is divided by 46.
23
What is the remainder when 15094062 is divided by 2515653?
144
What is the remainder when 140923491 is divided by 9?
6
What is the remainder when 37509058 is divided by 12502974?
136
Calculate the remainder when 60391 is divided by 20099.
94
What is the remainder when 545419 is divided by 3723?
1861
What is the remainder when 228074 is divided by 1310?
134
Calculate the remainder when 159779 is divided by 25955.
4049
Calculate the remainder when 11487 is divided by 9505.
1982
What is the remaind